{"id":2,"date":"2023-11-06T06:51:42","date_gmt":"2023-11-06T06:51:42","guid":{"rendered":"https:\/\/habitat.hu\/sites\/lakhatasi-jelentes-2024\/?page_id=2"},"modified":"2024-11-27T09:56:25","modified_gmt":"2024-11-27T08:56:25","slug":"bevezeto","status":"publish","type":"page","link":"https:\/\/habitat.hu\/sites\/lakhatasi-jelentes-2024\/","title":{"rendered":"Bevezet\u0151"},"content":{"rendered":"<p>[et_pb_section fb_built=&#8221;1&#8243; fullwidth=&#8221;on&#8221; _builder_version=&#8221;4.16&#8243; global_colors_info=&#8221;{}&#8221;][et_pb_fullwidth_slider show_arrows=&#8221;off&#8221; show_pagination=&#8221;off&#8221; _builder_version=&#8221;4.16&#8243; custom_padding=&#8221;5%||5%||false|false&#8221; global_colors_info=&#8221;{}&#8221;][et_pb_slide heading=&#8221;Bevezet\u0151&#8221; use_bg_overlay=&#8221;off&#8221; use_text_overlay=&#8221;off&#8221; _builder_version=&#8221;4.16&#8243; header_font=&#8221;|800||on|||||&#8221; header_font_size=&#8221;55px&#8221; background_color=&#8221;#c4d600&#8243; background_enable_color=&#8221;on&#8221; background_enable_image=&#8221;off&#8221; background_blend=&#8221;darken&#8221; button_on_hover=&#8221;on&#8221; child_mix_blend_mode=&#8221;darken&#8221; header_font_size_tablet=&#8221;45px&#8221; header_font_size_phone=&#8221;35px&#8221; header_font_size_last_edited=&#8221;on|phone&#8221; global_colors_info=&#8221;{}&#8221; sticky_transition=&#8221;on&#8221;][\/et_pb_slide][\/et_pb_fullwidth_slider][\/et_pb_section][et_pb_section fb_built=&#8221;1&#8243; _builder_version=&#8221;4.16&#8243; background_color=&#8221;rgba(196,214,0,0.1)&#8221; global_colors_info=&#8221;{}&#8221;][et_pb_row make_equal=&#8221;on&#8221; _builder_version=&#8221;4.16&#8243; background_size=&#8221;initial&#8221; background_position=&#8221;top_left&#8221; background_repeat=&#8221;repeat&#8221; global_colors_info=&#8221;{}&#8221;][et_pb_column type=&#8221;4_4&#8243; _builder_version=&#8221;4.16&#8243; custom_padding=&#8221;|||&#8221; global_colors_info=&#8221;{}&#8221; custom_padding__hover=&#8221;|||&#8221;][et_pb_text _builder_version=&#8221;4.27.3&#8243; text_font_size=&#8221;15px&#8221; header_line_height=&#8221;1.1em&#8221; header_2_line_height=&#8221;1.1em&#8221; header_3_font=&#8221;|600||on|||||&#8221; header_3_text_color=&#8221;#c4d600&#8243; header_3_line_height=&#8221;1.1em&#8221; header_4_line_height=&#8221;1.2em&#8221; z_index_tablet=&#8221;500&#8243; text_text_shadow_horizontal_length_tablet=&#8221;0px&#8221; text_text_shadow_vertical_length_tablet=&#8221;0px&#8221; text_text_shadow_blur_strength_tablet=&#8221;1px&#8221; link_text_shadow_horizontal_length_tablet=&#8221;0px&#8221; link_text_shadow_vertical_length_tablet=&#8221;0px&#8221; link_text_shadow_blur_strength_tablet=&#8221;1px&#8221; ul_text_shadow_horizontal_length_tablet=&#8221;0px&#8221; ul_text_shadow_vertical_length_tablet=&#8221;0px&#8221; ul_text_shadow_blur_strength_tablet=&#8221;1px&#8221; ol_text_shadow_horizontal_length_tablet=&#8221;0px&#8221; ol_text_shadow_vertical_length_tablet=&#8221;0px&#8221; ol_text_shadow_blur_strength_tablet=&#8221;1px&#8221; quote_text_shadow_horizontal_length_tablet=&#8221;0px&#8221; quote_text_shadow_vertical_length_tablet=&#8221;0px&#8221; quote_text_shadow_blur_strength_tablet=&#8221;1px&#8221; header_text_shadow_horizontal_length_tablet=&#8221;0px&#8221; header_text_shadow_vertical_length_tablet=&#8221;0px&#8221; header_text_shadow_blur_strength_tablet=&#8221;1px&#8221; header_2_text_shadow_horizontal_length_tablet=&#8221;0px&#8221; header_2_text_shadow_vertical_length_tablet=&#8221;0px&#8221; header_2_text_shadow_blur_strength_tablet=&#8221;1px&#8221; header_3_text_shadow_horizontal_length_tablet=&#8221;0px&#8221; header_3_text_shadow_vertical_length_tablet=&#8221;0px&#8221; header_3_text_shadow_blur_strength_tablet=&#8221;1px&#8221; header_4_text_shadow_horizontal_length_tablet=&#8221;0px&#8221; header_4_text_shadow_vertical_length_tablet=&#8221;0px&#8221; header_4_text_shadow_blur_strength_tablet=&#8221;1px&#8221; header_5_text_shadow_horizontal_length_tablet=&#8221;0px&#8221; header_5_text_shadow_vertical_length_tablet=&#8221;0px&#8221; header_5_text_shadow_blur_strength_tablet=&#8221;1px&#8221; header_6_text_shadow_horizontal_length_tablet=&#8221;0px&#8221; header_6_text_shadow_vertical_length_tablet=&#8221;0px&#8221; header_6_text_shadow_blur_strength_tablet=&#8221;1px&#8221; box_shadow_horizontal_tablet=&#8221;0px&#8221; box_shadow_vertical_tablet=&#8221;0px&#8221; box_shadow_blur_tablet=&#8221;40px&#8221; box_shadow_spread_tablet=&#8221;0px&#8221; global_colors_info=&#8221;{}&#8221;]<\/p>\n<h3>Kedves Olvas\u00f3!<\/h3>\n<p>2012 \u00f3ta \u00e1ll\u00edtja \u00f6ssze \u00e9s jelenteti meg a Habitat for Humanity Magyarorsz\u00e1g \u00e9ves jelent\u00e9s\u00e9t a lakhat\u00e1s \u00e1llapot\u00e1r\u00f3l, az adott \u00e9vi korm\u00e1nyzati, szakpolitikai k\u00f6rnyezet v\u00e1ltoz\u00e1s\u00e1r\u00f3l, a lakhat\u00e1shoz val\u00f3 hozz\u00e1f\u00e9rhet\u0151s\u00e9g, megfizethet\u0151s\u00e9g helyzet\u00e9r\u0151l.<\/p>\n<p>Az elemz\u00e9sek minden esetben reag\u00e1lnak a lakhat\u00e1si szeg\u00e9nys\u00e9gre, annak v\u00e1ltoz\u00e1saira, azokra a t\u00e1rsadalmi csoportokra, akiket a lakhat\u00e1si depriv\u00e1ci\u00f3 legink\u00e1bb \u00e9rint \u2013 ezek vagy k\u00fcl\u00f6nb\u00f6z\u0151, az \u00e9ppen el\u00e9rhet\u0151 t\u00e1rsadalomkutat\u00e1si adatfelv\u00e9teleken alapultak, vagy szak\u00e9rt\u0151i becsl\u00e9seket tartalmaztak. Idei jelent\u00e9s\u00fcnkben az EU SILC h\u00e1ztart\u00e1sok j\u00f6vedelmi \u00e9s \u00e9letk\u00f6r\u00fclm\u00e9nyeit felm\u00e9r\u0151 adatgy\u0171jt\u00e9s\u00e9t, valamint a 2022-es n\u00e9psz\u00e1ml\u00e1l\u00e1s adatait haszn\u00e1ltuk fel, ezek alapj\u00e1n tesz\u00fcnk meg\u00e1llap\u00edt\u00e1sokat a lakhat\u00e1si szeg\u00e9nys\u00e9g \u00e1ltal \u00e9rintettek sz\u00e1m\u00e1r\u00f3l \u00e9s csoportjair\u00f3l.<\/p>\n<p>K\u00fcl\u00f6n\u00f6sen \u00e9rdekess\u00e9 v\u00e1lt a 2024-es \u00e9v, egyr\u00e9szt \u00f6nkorm\u00e1nyzati v\u00e1laszt\u00e1sok zajlottak, ahol hol hangs\u00falyosabb, hol kev\u00e9sb\u00e9 kiemelt m\u00f3don, de megjelent a lakhat\u00e1s k\u00e9rd\u00e9se is. Mindez okot adott arra, hogy k\u00fcl\u00f6n is elemezz\u00fck az \u00f6nkorm\u00e1nyzati szint\u0171 lakhat\u00e1si politik\u00e1k alakul\u00e1s\u00e1t, a helyi test\u00fcletek lehet\u0151s\u00e9geit \u00e9s az \u00e1ltaluk alkalmazott j\u00f3 gyakorlatokat.<\/p>\n<p>\u0150sszel a korm\u00e1nyzat \u00faj gazdas\u00e1gfejleszt\u00e9si ir\u00e1nyvonalat jelentett be, aminek szint\u00e9n alapvet\u0151 r\u00e9sze a megfizethet\u0151 lakhat\u00e1s el\u0151seg\u00edt\u00e9se, az aktu\u00e1lis gazdas\u00e1gi program 10 pontja is ehhez a t\u00e9mak\u00f6rh\u00f6z k\u00f6t\u0151dik. (Jelent\u00e9s\u00fcnk z\u00e1r\u00e1sakor mindezen tervekr\u0151l m\u00e9g nem lehet tudni r\u00e9szleteket, a Lakhat\u00e1si strat\u00e9gia 2035 szakpolitikai h\u00e1tt\u00e9ranyag is csak sajt\u00f3\u00e9rtes\u00fcl\u00e9sekb\u0151l ismert, az anyag egyel\u0151re nem publikus.) Mindez ugyanakkor azt jelzi, hogy a k\u00f6vetkez\u0151 \u00e9vek a lakhat\u00e1si v\u00e1ls\u00e1g kezel\u00e9s\u00e9ben alapvet\u0151 fordulatot hozhatnak, szakpolitikai \u00e9s gyakorlati oldalon egyar\u00e1nt.<\/p>\n<p>A lakhat\u00e1si jelent\u00e9sben bemutatott v\u00e1ls\u00e1ghelyzetre igyeksz\u00fcnk reag\u00e1lni helyi programjainkkal, pl. az \u00f6nkorm\u00e1nyzati b\u00e9rlak\u00e1sok \u00e9s saj\u00e1t tulajdon\u00fa otthonok fel\u00faj\u00edt\u00e1s\u00e1nak t\u00e1mogat\u00e1s\u00e1val orsz\u00e1gszerte; a falusi CSOK lehet\u0151s\u00e9g\u00e9nek eljuttat\u00e1s\u00e1val olyan csal\u00e1dok sz\u00e1m\u00e1ra, akik saj\u00e1t er\u0151b\u0151l nem juthatn\u00e1nak hozz\u00e1 a t\u00e1mogat\u00e1shoz. Szakpolitikai munk\u00e1nkkal jelenleg legink\u00e1bb \u00f6nkorm\u00e1nyzati szinten tudunk v\u00e1ltoz\u00e1st el\u00e9rni, illetve az EU-s d\u00f6nt\u00e9shozatali elj\u00e1r\u00e1sok v\u00e9lem\u00e9nyez\u00e9s\u00e9vel indirekt hat\u00e1st rem\u00e9l\u00fcnk a magyar szakpolitik\u00e1ra; ezt seg\u00edti a nemzetk\u00f6zi Habitat 2023-ban l\u00e9trehozott br\u00fcsszeli \u00e1lland\u00f3 k\u00e9pviselete is. Mindezek mellett kiemelten fontosnak tartjuk a lakhat\u00e1s probl\u00e9m\u00e1inak \u00e9s megold\u00e1sainak megjelen\u00e9s\u00e9t a k\u00f6zbesz\u00e9dben. A fel\u00faj\u00edt\u00e1si \u00e9s irodai munk\u00e1ba bevont \u00f6nk\u00e9nteseinken kereszt\u00fcl, kommunik\u00e1ci\u00f3s munk\u00e1nkkal, rendezv\u00e9nyeinkkel, esem\u00e9nyeinkkel, t\u00e1mogat\u00f3k \u00e9s partnerek seg\u00edts\u00e9g\u00e9vel konkr\u00e9t utat mutatunk arra, hogy ki, milyen szinten lehet r\u00e9sze a v\u00e1ltoz\u00e1snak, a lakhat\u00e1si probl\u00e9m\u00e1k megold\u00e1sainak.<\/p>\n<p>Munk\u00e1nk fedezet\u00e9t v\u00e1ltozatos adom\u00e1nyoz\u00f3i \u00e9s partners\u00e9gi forr\u00e1sok biztos\u00edtj\u00e1k. K\u00e9rj\u00fck, <a href=\"https:\/\/habitat.hu\/legy-aktiv\/adomanyozas\/online\/\" target=\"_blank\" rel=\"noopener\">t\u00e1mogassa \u00d6n is munk\u00e1nkat adom\u00e1ny\u00e1val<\/a>, vagy fel\u00faj\u00edt\u00e1si munk\u00e1inkba <a href=\"https:\/\/habitat.hu\/legy-aktiv\/onkentesseg\/\" target=\"_blank\" rel=\"noopener\">\u00f6nk\u00e9ntesk\u00e9nt val\u00f3 becsatlakoz\u00e1ssal<\/a>!<\/p>\n<p>J\u00f3 olvas\u00e1st k\u00edv\u00e1nunk!<\/p>\n<p>[\/et_pb_text][\/et_pb_column][\/et_pb_row][et_pb_row column_structure=&#8221;1_2,1_2&#8243; make_equal=&#8221;on&#8221; _builder_version=&#8221;4.16&#8243; background_size=&#8221;initial&#8221; background_position=&#8221;top_left&#8221; background_repeat=&#8221;repeat&#8221; global_colors_info=&#8221;{}&#8221;][et_pb_column type=&#8221;1_2&#8243; _builder_version=&#8221;4.16&#8243; custom_padding=&#8221;|||&#8221; global_colors_info=&#8221;{}&#8221; custom_padding__hover=&#8221;|||&#8221;][et_pb_text _builder_version=&#8221;4.23&#8243; _module_preset=&#8221;default&#8221; text_orientation=&#8221;center&#8221; max_width=&#8221;300px&#8221; module_alignment=&#8221;center&#8221; global_colors_info=&#8221;{}&#8221;]<\/p>\n<p>Luk\u00e1cs Gy\u00f6rgy<br \/><em>szakpolitikai munkat\u00e1rs<\/em><\/p>\n<p>[\/et_pb_text][\/et_pb_column][et_pb_column type=&#8221;1_2&#8243; _builder_version=&#8221;4.16&#8243; custom_padding=&#8221;|||&#8221; global_colors_info=&#8221;{}&#8221; custom_padding__hover=&#8221;|||&#8221;][et_pb_text _builder_version=&#8221;4.23&#8243; _module_preset=&#8221;default&#8221; text_orientation=&#8221;center&#8221; max_width=&#8221;300px&#8221; module_alignment=&#8221;center&#8221; global_colors_info=&#8221;{}&#8221;]<\/p>\n<p>Szegfalvi Zsolt<br \/><em>\u00fcgyvezet\u0151 igazgat\u00f3<\/em><\/p>\n<p>[\/et_pb_text][\/et_pb_column][\/et_pb_row][\/et_pb_section][et_pb_section fb_built=&#8221;1&#8243; _builder_version=&#8221;4.16&#8243; global_colors_info=&#8221;{}&#8221;][\/et_pb_section][et_pb_section fb_built=&#8221;1&#8243; _builder_version=&#8221;4.16&#8243; custom_margin=&#8221;0px||||false|false&#8221; custom_padding=&#8221;0px||||false|false&#8221; global_colors_info=&#8221;{}&#8221;][et_pb_row _builder_version=&#8221;4.16&#8243; custom_margin=&#8221;0px||0px||false|false&#8221; custom_padding=&#8221;0px||0px||false|false&#8221; global_colors_info=&#8221;{}&#8221;][et_pb_column type=&#8221;4_4&#8243; _builder_version=&#8221;4.16&#8243; global_colors_info=&#8221;{}&#8221;][et_pb_text _builder_version=&#8221;4.23&#8243; text_font_size=&#8221;15px&#8221; header_line_height=&#8221;1.1em&#8221; header_2_line_height=&#8221;1.1em&#8221; header_3_font=&#8221;|600||on|||||&#8221; header_3_text_color=&#8221;#c4d600&#8243; header_3_line_height=&#8221;1.1em&#8221; header_4_line_height=&#8221;1.2em&#8221; global_colors_info=&#8221;{}&#8221;]<\/p>\n<h3>Fejezetek<\/h3>\n<p>[\/et_pb_text][\/et_pb_column][\/et_pb_row][et_pb_row column_structure=&#8221;1_3,1_3,1_3&#8243; make_equal=&#8221;on&#8221; _builder_version=&#8221;4.16&#8243; global_colors_info=&#8221;{}&#8221;][et_pb_column type=&#8221;1_3&#8243; _builder_version=&#8221;4.16&#8243; global_colors_info=&#8221;{}&#8221;][et_pb_text admin_label=&#8221;Kgvet\u00e9s&#8221; _builder_version=&#8221;4.27.3&#8243; text_font_size=&#8221;15px&#8221; header_line_height=&#8221;1.1em&#8221; header_2_line_height=&#8221;1.1em&#8221; header_3_line_height=&#8221;1.1em&#8221; header_4_font=&#8221;|600||on|||||&#8221; header_4_line_height=&#8221;1.2em&#8221; background_color=&#8221;#385988&#8243; background_layout=&#8221;dark&#8221; min_height=&#8221;200px&#8221; custom_padding=&#8221;1.5em|1.5em|1.5em|1.5em|true|false&#8221; link_option_url=&#8221;https:\/\/habitat.hu\/sites\/lakhatasi-jelentes-2024\/lakaspolitikak-es-koltsegvetes\/&#8221; link_option_url_new_window=&#8221;on&#8221; border_radii=&#8221;on|3px|3px|3px|3px&#8221; box_shadow_style=&#8221;preset1&#8243; global_colors_info=&#8221;{}&#8221; background__hover_enabled=&#8221;on|hover&#8221; background_color__hover=&#8221;rgba(56,89,136,0.7)&#8221; background_enable_color__hover=&#8221;on&#8221;]<\/p>\n<div style=\"position: relative; min-height: 200px;\">\n<h4 style=\"text-align: left;\">Lak\u00e1spolitik\u00e1k \u00e9s k\u00f6lts\u00e9gvet\u00e9si kiad\u00e1sok<\/h4>\n<div style=\"position: absolute; bottom: 0;\">\n<p style=\"text-align: right;\">Czirfusz M\u00e1rton <em>(Perif\u00e9ria K\u00f6zpolitikai \u00e9s Kutat\u00f3k\u00f6zpont)<\/em><\/p>\n<\/div>\n<\/div>\n<p>[\/et_pb_text][\/et_pb_column][et_pb_column type=&#8221;1_3&#8243; _builder_version=&#8221;4.16&#8243; global_colors_info=&#8221;{}&#8221;][et_pb_text admin_label=&#8221;Szeg\u00e9nys\u00e9g&#8221; _builder_version=&#8221;4.27.3&#8243; text_font_size=&#8221;15px&#8221; header_line_height=&#8221;1.1em&#8221; header_2_line_height=&#8221;1.1em&#8221; header_3_line_height=&#8221;1.1em&#8221; header_4_font=&#8221;|600||on|||||&#8221; header_4_line_height=&#8221;1.2em&#8221; background_color=&#8221;#a4343a&#8221; background_layout=&#8221;dark&#8221; min_height=&#8221;200px&#8221; custom_padding=&#8221;1.5em|1.5em|1.5em|1.5em|true|false&#8221; link_option_url=&#8221;https:\/\/habitat.hu\/sites\/lakhatasi-jelentes-2024\/lakhatasi-szegenyseg\/&#8221; link_option_url_new_window=&#8221;on&#8221; hover_enabled=&#8221;0&#8243; border_radii=&#8221;on|3px|3px|3px|3px&#8221; box_shadow_style=&#8221;preset1&#8243; global_colors_info=&#8221;{}&#8221; background__hover_enabled=&#8221;on|hover&#8221; background_color__hover=&#8221;rgba(164,52,58,0.7)&#8221; background_enable_color__hover=&#8221;on&#8221; sticky_enabled=&#8221;0&#8243;]<\/p>\n<div style=\"position: relative; min-height: 200px;\">\n<h4 style=\"text-align: left;\">A lakhat\u00e1si szeg\u00e9nys\u00e9g \u2013 sz\u00e1mokban<\/h4>\n<div style=\"position: absolute; bottom: 0;\">\n<p style=\"text-align: right;\">Luk\u00e1cs Gy\u00f6rgy <em>(Habitat for Humanity Magyarorsz\u00e1g)<\/em><\/p>\n<\/div>\n<\/div>\n<p>[\/et_pb_text][\/et_pb_column][et_pb_column type=&#8221;1_3&#8243; _builder_version=&#8221;4.16&#8243; global_colors_info=&#8221;{}&#8221;][et_pb_text admin_label=&#8221;Megfizethet\u0151s\u00e9g&#8221; _builder_version=&#8221;4.27.3&#8243; text_font_size=&#8221;15px&#8221; header_line_height=&#8221;1.1em&#8221; header_2_line_height=&#8221;1.1em&#8221; header_3_line_height=&#8221;1.1em&#8221; header_4_font=&#8221;|600||on|||||&#8221; header_4_line_height=&#8221;1.2em&#8221; background_color=&#8221;#43b02a&#8221; background_layout=&#8221;dark&#8221; min_height=&#8221;200px&#8221; custom_padding=&#8221;1.5em|1.5em|1.5em|1.5em|true|false&#8221; link_option_url_new_window=&#8221;on&#8221; hover_enabled=&#8221;0&#8243; border_radii=&#8221;on|3px|3px|3px|3px&#8221; box_shadow_style=&#8221;preset1&#8243; global_colors_info=&#8221;{}&#8221; background__hover_enabled=&#8221;on|hover&#8221; background_color__hover=&#8221;rgba(67,176,42,0.7)&#8221; background_enable_color__hover=&#8221;on&#8221; sticky_enabled=&#8221;0&#8243; link_option_url=&#8221;https:\/\/habitat.hu\/sites\/lakhatasi-jelentes-2024\/megfizethetoseg\/&#8221;]<\/p>\n<div style=\"position: relative; min-height: 200px;\">\n<h4 style=\"text-align: left;\">Megfizethet\u0151s\u00e9g<\/h4>\n<div style=\"position: absolute; bottom: 0;\">\n<p style=\"text-align: right;\">\u00c1mon Kata <em>(a K\u00f6z\u00e9p-eur\u00f3pai Egyetem PhD hallgat\u00f3ja)<\/em><\/p>\n<\/div>\n<\/div>\n<p>[\/et_pb_text][\/et_pb_column][\/et_pb_row][et_pb_row column_structure=&#8221;1_3,1_3,1_3&#8243; make_equal=&#8221;on&#8221; _builder_version=&#8221;4.16&#8243; global_colors_info=&#8221;{}&#8221;][et_pb_column type=&#8221;1_3&#8243; _builder_version=&#8221;4.16&#8243; global_colors_info=&#8221;{}&#8221;][et_pb_text admin_label=&#8221;\u00d6nkori&#8221; _builder_version=&#8221;4.27.3&#8243; text_font_size=&#8221;15px&#8221; header_line_height=&#8221;1.1em&#8221; header_2_line_height=&#8221;1.1em&#8221; header_3_line_height=&#8221;1.1em&#8221; header_4_font=&#8221;|600||on|||||&#8221; header_4_line_height=&#8221;1.2em&#8221; background_color=&#8221;#d39641&#8243; background_layout=&#8221;dark&#8221; min_height=&#8221;200px&#8221; custom_padding=&#8221;1.5em|1.5em|1.5em|1.5em|true|false&#8221; link_option_url_new_window=&#8221;on&#8221; hover_enabled=&#8221;0&#8243; border_radii=&#8221;on|3px|3px|3px|3px&#8221; box_shadow_style=&#8221;preset1&#8243; global_colors_info=&#8221;{}&#8221; background__hover_enabled=&#8221;on|hover&#8221; background_color__hover=&#8221;rgba(67,176,42,0.7)&#8221; background_enable_color__hover=&#8221;on&#8221; sticky_enabled=&#8221;0&#8243; link_option_url=&#8221;https:\/\/habitat.hu\/sites\/lakhatasi-jelentes-2024\/onkormanyzatok\/&#8221;]<\/p>\n<div style=\"position: relative; min-height: 200px;\">\n<h4 style=\"text-align: left;\">Telep\u00fcl\u00e9si \u00f6nkorm\u00e1nyzatok \u00e9s lakhat\u00e1s<\/h4>\n<div style=\"position: absolute; bottom: 0;\">\n<p style=\"text-align: right;\"> K\u0151szeghy Lea <em>(a HUN-REN T\u00e1rsadalomtudom\u00e1nyi Kutat\u00f3k\u00f6zpont Szociol\u00f3giai Int\u00e9zet\u00e9nek tudom\u00e1nyos f\u0151munkat\u00e1rsa)<\/em><\/p>\n<\/div>\n<\/div>\n<p>[\/et_pb_text][\/et_pb_column][et_pb_column type=&#8221;1_3&#8243; _builder_version=&#8221;4.16&#8243; global_colors_info=&#8221;{}&#8221;][\/et_pb_column][et_pb_column type=&#8221;1_3&#8243; _builder_version=&#8221;4.16&#8243; global_colors_info=&#8221;{}&#8221;][\/et_pb_column][\/et_pb_row][\/et_pb_section]<\/p>\n","protected":false},"excerpt":{"rendered":"<p>Kedves Olvas\u00f3! 2012 \u00f3ta \u00e1ll\u00edtja \u00f6ssze \u00e9s jelenteti meg a Habitat for Humanity Magyarorsz\u00e1g \u00e9ves jelent\u00e9s\u00e9t a lakhat\u00e1s \u00e1llapot\u00e1r\u00f3l, az adott \u00e9vi korm\u00e1nyzati, szakpolitikai k\u00f6rnyezet v\u00e1ltoz\u00e1s\u00e1r\u00f3l, a lakhat\u00e1shoz val\u00f3 hozz\u00e1f\u00e9rhet\u0151s\u00e9g, megfizethet\u0151s\u00e9g helyzet\u00e9r\u0151l. Az elemz\u00e9sek minden esetben reag\u00e1lnak a lakhat\u00e1si szeg\u00e9nys\u00e9gre, annak v\u00e1ltoz\u00e1saira, azokra a t\u00e1rsadalmi csoportokra, akiket a lakhat\u00e1si depriv\u00e1ci\u00f3 legink\u00e1bb \u00e9rint \u2013 ezek vagy [&hellip;]<\/p>\n","protected":false},"author":1,"featured_media":15,"parent":0,"menu_order":0,"comment_status":"closed","ping_status":"open","template":"","meta":{"_et_pb_use_builder":"on","_et_pb_old_content":"<!-- wp:paragraph -->\r\n<p>This is an example page. It's different from a blog post because it will stay in one place and will show up in your site navigation (in most themes). Most people start with an About page that introduces them to potential site visitors. It might say something like this:<\/p>\r\n<!-- \/wp:paragraph --><!-- wp:quote -->\r\n<blockquote class=\"wp-block-quote\">\r\n<p>Hi there! I'm a bike messenger by day, aspiring actor by night, and this is my website. I live in Los Angeles, have a great dog named Jack, and I like pi\u00f1a coladas. (And gettin' caught in the rain.)<\/p>\r\n<\/blockquote>\r\n<!-- \/wp:quote --><!-- wp:paragraph -->\r\n<p>...or something like this:<\/p>\r\n<!-- \/wp:paragraph --><!-- wp:quote -->\r\n<blockquote class=\"wp-block-quote\">\r\n<p>The XYZ Doohickey Company was founded in 1971, and has been providing quality doohickeys to the public ever since. Located in Gotham City, XYZ employs over 2,000 people and does all kinds of awesome things for the Gotham community.<\/p>\r\n<\/blockquote>\r\n<!-- \/wp:quote --><!-- wp:paragraph -->\r\n<p>As a new WordPress user, you should go to <a href=\"https:\/\/habitat.hu\/sites\/lakhatasi-jelentes-2024\/wp-admin\/\">your dashboard<\/a> to delete this page and create new pages for your content. Have fun!<\/p>\r\n<!-- \/wp:paragraph -->","_et_gb_content_width":"","footnotes":""},"class_list":["post-2","page","type-page","status-publish","has-post-thumbnail","hentry"],"_links":{"self":[{"href":"https:\/\/habitat.hu\/sites\/lakhatasi-jelentes-2024\/wp-json\/wp\/v2\/pages\/2","targetHints":{"allow":["GET"]}}],"collection":[{"href":"https:\/\/habitat.hu\/sites\/lakhatasi-jelentes-2024\/wp-json\/wp\/v2\/pages"}],"about":[{"href":"https:\/\/habitat.hu\/sites\/lakhatasi-jelentes-2024\/wp-json\/wp\/v2\/types\/page"}],"author":[{"embeddable":true,"href":"https:\/\/habitat.hu\/sites\/lakhatasi-jelentes-2024\/wp-json\/wp\/v2\/users\/1"}],"replies":[{"embeddable":true,"href":"https:\/\/habitat.hu\/sites\/lakhatasi-jelentes-2024\/wp-json\/wp\/v2\/comments?post=2"}],"version-history":[{"count":16,"href":"https:\/\/habitat.hu\/sites\/lakhatasi-jelentes-2024\/wp-json\/wp\/v2\/pages\/2\/revisions"}],"predecessor-version":[{"id":313,"href":"https:\/\/habitat.hu\/sites\/lakhatasi-jelentes-2024\/wp-json\/wp\/v2\/pages\/2\/revisions\/313"}],"wp:featuredmedia":[{"embeddable":true,"href":"https:\/\/habitat.hu\/sites\/lakhatasi-jelentes-2024\/wp-json\/wp\/v2\/media\/15"}],"wp:attachment":[{"href":"https:\/\/habitat.hu\/sites\/lakhatasi-jelentes-2024\/wp-json\/wp\/v2\/media?parent=2"}],"curies":[{"name":"wp","href":"https:\/\/api.w.org\/{rel}","templated":true}]}}